{"id":2270,"date":"2021-09-06T10:38:04","date_gmt":"2021-09-06T13:38:04","guid":{"rendered":"https:\/\/www.coopera.com.uy\/new\/?page_id=2270"},"modified":"2021-09-06T10:43:21","modified_gmt":"2021-09-06T13:43:21","slug":"curso-como-emprender-con-exito-programa-pro","status":"publish","type":"page","link":"https:\/\/www.coopera.com.uy\/new\/curso-como-emprender-con-exito-programa-pro\/","title":{"rendered":"Curso Como emprender con \u00e9xito | Programa PRO"},"content":{"rendered":"<p>[et_pb_section fb_built=\u00bb1&#8243; _builder_version=\u00bb4.5.6&#8243; _module_preset=\u00bbdefault\u00bb background_color=\u00bb#000B35&#8243; background_image=\u00bbhttps:\/\/www.coopera.com.uy\/new\/wp-content\/uploads\/sites\/4\/2021\/07\/fondo4.png\u00bb custom_padding=\u00bb97px||179px|||\u00bb bottom_divider_flip=\u00bbvertical|horizontal\u00bb][et_pb_row column_structure=\u00bb1_3,2_3&#8243; _builder_version=\u00bb4.5.6&#8243; custom_margin=\u00bb-1px|auto|1px|auto||\u00bb custom_padding=\u00bb||0px|||\u00bb animation_style=\u00bbfade\u00bb animation_duration=\u00bb2000ms\u00bb][et_pb_column type=\u00bb1_3&#8243; _builder_version=\u00bb3.25&#8243; custom_padding=\u00bb|||\u00bb custom_padding__hover=\u00bb|||\u00bb][et_pb_image src=\u00bbhttps:\/\/www.coopera.com.uy\/new\/wp-content\/uploads\/sites\/4\/2021\/09\/10&#215;10-coopera.png\u00bb title_text=\u00bb10&#215;10-coopera\u00bb align=\u00bbcenter\u00bb _builder_version=\u00bb4.5.6&#8243; _module_preset=\u00bbdefault\u00bb transform_scale=\u00bb112%|112%\u00bb width=\u00bb55%\u00bb custom_margin=\u00bb64px||||false|false\u00bb filter_saturate=\u00bb0%\u00bb filter_brightness=\u00bb200%\u00bb][\/et_pb_image][\/et_pb_column][et_pb_column type=\u00bb2_3&#8243; _builder_version=\u00bb3.25&#8243; custom_padding=\u00bb42px|||\u00bb custom_padding_tablet=\u00bb0px|||\u00bb custom_padding_phone=\u00bb\u00bb custom_padding_last_edited=\u00bbon|tablet\u00bb padding_tablet=\u00bb0px|||\u00bb padding_last_edited=\u00bbon|tablet\u00bb custom_padding__hover=\u00bb|||\u00bb][et_pb_text _builder_version=\u00bb4.5.6&#8243; text_font=\u00bbLato||||||||\u00bb text_font_size=\u00bb21px\u00bb text_line_height=\u00bb2em\u00bb header_font=\u00bbMontserrat|300|||||||\u00bb header_font_size=\u00bb57px\u00bb header_2_font=\u00bbRubik|700||on|||||\u00bb header_2_font_size=\u00bb44px\u00bb header_2_letter_spacing=\u00bb1px\u00bb header_2_line_height=\u00bb1.3em\u00bb background_layout=\u00bbdark\u00bb hover_enabled=\u00bb0&#8243; header_font_size_tablet=\u00bb50px\u00bb header_font_size_phone=\u00bb29px\u00bb header_font_size_last_edited=\u00bbon|phone\u00bb header_2_font_size_tablet=\u00bb34px\u00bb header_2_font_size_phone=\u00bb24px\u00bb header_2_font_size_last_edited=\u00bbon|phone\u00bb locked=\u00bboff\u00bb inline_fonts=\u00bbMontserrat\u00bb header_font_size__hover=\u00bb30px\u00bb header_font_size__hover_enabled=\u00bb30px\u00bb header_letter_spacing__hover=\u00bb0px\u00bb header_letter_spacing__hover_enabled=\u00bb0px\u00bb header_text_shadow_style__hover=\u00bbnone\u00bb header_text_shadow_style__hover_enabled=\u00bbnone\u00bb header_text_shadow_color__hover=\u00bbrgba(0,0,0,0.4)\u00bb header_text_shadow_color__hover_enabled=\u00bbrgba(0,0,0,0.4)\u00bb]<\/p>\n<h1><span face=\"Montserrat\" style=\"font-family: Montserrat;\"><strong>C\u00f3mo emprender con \u00e9xito<\/strong> | Programa PRO<\/span><\/h1>\n<p>[\/et_pb_text][et_pb_divider color=\u00bb#FFFFFF\u00bb divider_weight=\u00bb4px\u00bb _builder_version=\u00bb4.5.6&#8243; max_width=\u00bb80px\u00bb height=\u00bb4px\u00bb][\/et_pb_divider][et_pb_text _builder_version=\u00bb4.5.6&#8243; text_font=\u00bbMontserrat||||||||\u00bb text_font_size=\u00bb19px\u00bb text_line_height=\u00bb1.5em\u00bb background_layout=\u00bbdark\u00bb custom_margin=\u00bb-18px||69px|||\u00bb custom_padding=\u00bb|54px||||\u00bb hover_enabled=\u00bb0&#8243; text_font_size_tablet=\u00bb18px\u00bb text_font_size_phone=\u00bb16px\u00bb text_font_size_last_edited=\u00bbon|tablet\u00bb locked=\u00bboff\u00bb inline_fonts=\u00bbMontserrat\u00bb]<\/p>\n<div class=\"page\" title=\"Page 1\">\n<div class=\"section\">\n<div class=\"layoutArea\">\n<div class=\"column\">\n<p tabindex=\"1\">\u00bfTienes una idea pero no sabes por d\u00f3nde comenzar? \u00bfSientes que tu empresa est\u00e1 estancada y la quieres llevar al pr\u00f3ximo nivel? \u00bfTe gustar\u00eda aprender el paso a paso para crear un negocio rentable y con impacto global? El Programa PRO es para ti.<\/p>\n<p tabindex=\"1\">Incluye 5 cursos online, herramientas pr\u00e1cticas y masterclasses con expertos que te convertir\u00e1n en un emprendedor de \u00e9xito. Podr\u00e1s definir el prop\u00f3sito de tu compa\u00f1\u00eda, aprender\u00e1s a validar tu producto, ver\u00e1s c\u00f3mo conseguir inversionistas o capital y podr\u00e1s poner en pr\u00e1ctica tu ejecuci\u00f3n, planificaci\u00f3n y crecimiento.<\/p>\n<p tabindex=\"1\">\n<\/div>\n<\/div>\n<\/div>\n<\/div>\n<p>[\/et_pb_text][\/et_pb_column][\/et_pb_row][et_pb_row column_structure=\u00bb1_3,1_3,1_3&#8243; _builder_version=\u00bb4.5.6&#8243; _module_preset=\u00bbdefault\u00bb custom_margin=\u00bb-39px|auto||auto||\u00bb custom_padding=\u00bb84px|||||\u00bb][et_pb_column type=\u00bb1_3&#8243; _builder_version=\u00bb4.5.6&#8243; _module_preset=\u00bbdefault\u00bb][et_pb_blurb title=\u00bbGarant\u00eda de 30 d\u00edas\u00bb image=\u00bbhttps:\/\/www.coopera.com.uy\/new\/wp-content\/uploads\/sites\/4\/2021\/07\/Item.png\u00bb icon_placement=\u00bbleft\u00bb _builder_version=\u00bb4.5.6&#8243; _module_preset=\u00bbdefault\u00bb header_font=\u00bbMontserrat|300|||||||\u00bb header_text_color=\u00bb#FFFFFF\u00bb header_font_size=\u00bb23px\u00bb hover_enabled=\u00bb0&#8243;][\/et_pb_blurb][\/et_pb_column][et_pb_column type=\u00bb1_3&#8243; _builder_version=\u00bb4.5.6&#8243; _module_preset=\u00bbdefault\u00bb][et_pb_blurb title=\u00bbCertificado de finalizaci\u00f3n\u00bb image=\u00bbhttps:\/\/www.coopera.com.uy\/new\/wp-content\/uploads\/sites\/4\/2021\/07\/Item.png\u00bb icon_placement=\u00bbleft\u00bb _builder_version=\u00bb4.5.6&#8243; _module_preset=\u00bbdefault\u00bb header_font=\u00bbMontserrat|300|||||||\u00bb header_text_color=\u00bb#FFFFFF\u00bb header_font_size=\u00bb23px\u00bb hover_enabled=\u00bb0&#8243;][\/et_pb_blurb][\/et_pb_column][et_pb_column type=\u00bb1_3&#8243; _builder_version=\u00bb4.5.6&#8243; _module_preset=\u00bbdefault\u00bb][et_pb_blurb title=\u00bb146 clases y 3 horas de contenido original\u00bb image=\u00bbhttps:\/\/www.coopera.com.uy\/new\/wp-content\/uploads\/sites\/4\/2021\/07\/Item.png\u00bb icon_placement=\u00bbleft\u00bb _builder_version=\u00bb4.5.6&#8243; _module_preset=\u00bbdefault\u00bb header_font=\u00bbMontserrat|300|||||||\u00bb header_text_color=\u00bb#FFFFFF\u00bb header_font_size=\u00bb23px\u00bb hover_enabled=\u00bb0&#8243;][\/et_pb_blurb][\/et_pb_column][\/et_pb_row][et_pb_row column_structure=\u00bb1_5,3_5,1_5&#8243; _builder_version=\u00bb4.5.6&#8243; custom_margin=\u00bb27px|auto|1px|auto||\u00bb custom_padding=\u00bb||0px|||\u00bb animation_style=\u00bbfade\u00bb animation_duration=\u00bb2000ms\u00bb][et_pb_column type=\u00bb1_5&#8243; _builder_version=\u00bb3.25&#8243; custom_padding=\u00bb|||\u00bb custom_padding__hover=\u00bb|||\u00bb][\/et_pb_column][et_pb_column type=\u00bb3_5&#8243; _builder_version=\u00bb3.25&#8243; custom_padding=\u00bb|||\u00bb custom_padding__hover=\u00bb|||\u00bb][et_pb_text _builder_version=\u00bb4.5.6&#8243; text_font=\u00bbLato||||||||\u00bb text_font_size=\u00bb21px\u00bb text_line_height=\u00bb2em\u00bb header_font=\u00bbMontserrat|300|||||||\u00bb header_font_size=\u00bb42px\u00bb header_line_height=\u00bb1.1em\u00bb header_2_font=\u00bbRubik|700||on|||||\u00bb header_2_font_size=\u00bb44px\u00bb header_2_letter_spacing=\u00bb1px\u00bb header_2_line_height=\u00bb1.3em\u00bb background_layout=\u00bbdark\u00bb custom_margin=\u00bb||61px|||\u00bb hover_enabled=\u00bb0&#8243; header_text_align_tablet=\u00bb\u00bb header_text_align_phone=\u00bb\u00bb header_text_align_last_edited=\u00bbon|tablet\u00bb header_font_size_tablet=\u00bb\u00bb header_font_size_phone=\u00bb36px\u00bb header_font_size_last_edited=\u00bbon|phone\u00bb header_2_font_size_tablet=\u00bb34px\u00bb header_2_font_size_phone=\u00bb24px\u00bb header_2_font_size_last_edited=\u00bbon|phone\u00bb locked=\u00bboff\u00bb inline_fonts=\u00bbMontserrat\u00bb header_font_size__hover=\u00bb30px\u00bb header_font_size__hover_enabled=\u00bb30px\u00bb header_letter_spacing__hover=\u00bb0px\u00bb header_letter_spacing__hover_enabled=\u00bb0px\u00bb header_text_shadow_style__hover=\u00bbnone\u00bb header_text_shadow_style__hover_enabled=\u00bbnone\u00bb header_text_shadow_color__hover=\u00bbrgba(0,0,0,0.4)\u00bb header_text_shadow_color__hover_enabled=\u00bbrgba(0,0,0,0.4)\u00bb]<\/p>\n<h1 style=\"text-align: left;\"><strong>\u00bfPor qu\u00e9 inscribirme?<\/strong><\/h1>\n<p>[\/et_pb_text][et_pb_text _builder_version=\u00bb4.5.6&#8243; text_font=\u00bbMontserrat||||||||\u00bb text_font_size=\u00bb19px\u00bb text_line_height=\u00bb1.5em\u00bb background_layout=\u00bbdark\u00bb custom_margin=\u00bb-18px||73px|||\u00bb custom_padding=\u00bb|54px||||\u00bb hover_enabled=\u00bb0&#8243; text_font_size_tablet=\u00bb18px\u00bb text_font_size_phone=\u00bb17px\u00bb text_font_size_last_edited=\u00bbon|desktop\u00bb locked=\u00bboff\u00bb inline_fonts=\u00bbMontserrat\u00bb]<\/p>\n<div class=\"page\" title=\"Page 1\">\n<div class=\"section\">\n<div class=\"layoutArea\">\n<div class=\"column\">\n<p><span class=\"elementor-icon-list-text\">_\u00a0<\/span>Contamos con clases online a las que podr\u00e1s acceder d\u00f3nde y cu\u00e1ndo quieras, y todas las veces que quieras.<\/p>\n<p>_ Encuentra tu prop\u00f3sito como emprendedor y crea una estrategia para lograrlo.<\/p>\n<p>_ Define tu idea de negocio paso a paso: el problema es m\u00e1s importante que la soluci\u00f3n.<\/p>\n<p>_ Crea un producto que agregue verdadero valor al usuario o al consumidor.<\/p>\n<p>_ Ejecuta, crea y maneja equipos.<\/p>\n<p>_ Crear un plan de crecimiento.<\/p>\n<p>_ Consigue el capital necesario y aprende a usarlo correctamente.<\/p>\n<\/div>\n<\/div>\n<\/div>\n<\/div>\n<p>[\/et_pb_text][\/et_pb_column][et_pb_column type=\u00bb1_5&#8243; _builder_version=\u00bb3.25&#8243; custom_padding=\u00bb|||\u00bb custom_padding__hover=\u00bb|||\u00bb][\/et_pb_column][\/et_pb_row][et_pb_row _builder_version=\u00bb4.5.6&#8243; _module_preset=\u00bbdefault\u00bb][et_pb_column type=\u00bb4_4&#8243; _builder_version=\u00bb4.5.6&#8243; _module_preset=\u00bbdefault\u00bb][et_pb_button button_url=\u00bbhttps:\/\/pay.hotmart.com\/H55623343O?off=m0i6zm0a&#038;sck=HOTMART_PRODUCT_PAGE&#038;checkoutMode=0&#038;bid=1630935763713&#8243; button_text=\u00bb\u00a1Inscribite ahora!\u00bb button_alignment=\u00bbcenter\u00bb _builder_version=\u00bb4.5.6&#8243; custom_button=\u00bbon\u00bb button_text_size=\u00bb14px\u00bb button_text_color=\u00bb#FFFFFF\u00bb button_bg_color=\u00bb#a830ff\u00bb button_border_width=\u00bb0px\u00bb button_border_radius=\u00bb100px\u00bb button_letter_spacing=\u00bb1px\u00bb button_font=\u00bbMontserrat|700||on|||||\u00bb button_use_icon=\u00bboff\u00bb custom_padding=\u00bb16px|40px|16px|40px|true|true\u00bb animation_style=\u00bbbounce\u00bb hover_enabled=\u00bb0&#8243; button_letter_spacing_last_edited=\u00bboff|desktop\u00bb box_shadow_style=\u00bbpreset3&#8243; box_shadow_blur=\u00bb28px\u00bb box_shadow_color=\u00bbrgba(20,241,217,0.24)\u00bb button_letter_spacing__hover=\u00bb1px\u00bb button_letter_spacing__hover_enabled=\u00bbon|hover\u00bb button_text_size__hover_enabled=\u00bbon|hover\u00bb button_text_size__hover=\u00bb16px\u00bb][\/et_pb_button][\/et_pb_column][\/et_pb_row][\/et_pb_section]<\/p>\n","protected":false},"excerpt":{"rendered":"<p>[et_pb_section fb_built=\u00bb1&#8243; _builder_version=\u00bb4.5.6&#8243; _module_preset=\u00bbdefault\u00bb background_color=\u00bb#000B35&#8243; background_image=\u00bbhttps:\/\/www.coopera.com.uy\/new\/wp-content\/uploads\/sites\/4\/2021\/07\/fondo4.png\u00bb custom_padding=\u00bb97px||179px|||\u00bb bottom_divider_flip=\u00bbvertical|horizontal\u00bb][et_pb_row column_structure=\u00bb1_3,2_3&#8243; _builder_version=\u00bb4.5.6&#8243; custom_margin=\u00bb-1px|auto|1px|auto||\u00bb custom_padding=\u00bb||0px|||\u00bb animation_style=\u00bbfade\u00bb animation_duration=\u00bb2000ms\u00bb][et_pb_column type=\u00bb1_3&#8243; _builder_version=\u00bb3.25&#8243; custom_padding=\u00bb|||\u00bb custom_padding__hover=\u00bb|||\u00bb][et_pb_image src=\u00bbhttps:\/\/www.coopera.com.uy\/new\/wp-content\/uploads\/sites\/4\/2021\/09\/10&#215;10-coopera.png\u00bb title_text=\u00bb10&#215;10-coopera\u00bb align=\u00bbcenter\u00bb _builder_version=\u00bb4.5.6&#8243; _module_preset=\u00bbdefault\u00bb transform_scale=\u00bb112%|112%\u00bb width=\u00bb55%\u00bb custom_margin=\u00bb64px||||false|false\u00bb filter_saturate=\u00bb0%\u00bb filter_brightness=\u00bb200%\u00bb][\/et_pb_image][\/et_pb_column][et_pb_column type=\u00bb2_3&#8243; _builder_version=\u00bb3.25&#8243; custom_padding=\u00bb42px|||\u00bb custom_padding_tablet=\u00bb0px|||\u00bb custom_padding_phone=\u00bb\u00bb custom_padding_last_edited=\u00bbon|tablet\u00bb padding_tablet=\u00bb0px|||\u00bb padding_last_edited=\u00bbon|tablet\u00bb custom_padding__hover=\u00bb|||\u00bb][et_pb_text _builder_version=\u00bb4.5.6&#8243; text_font=\u00bbLato||||||||\u00bb text_font_size=\u00bb21px\u00bb text_line_height=\u00bb2em\u00bb header_font=\u00bbMontserrat|300|||||||\u00bb header_font_size=\u00bb57px\u00bb header_2_font=\u00bbRubik|700||on|||||\u00bb header_2_font_size=\u00bb44px\u00bb header_2_letter_spacing=\u00bb1px\u00bb header_2_line_height=\u00bb1.3em\u00bb background_layout=\u00bbdark\u00bb hover_enabled=\u00bb0&#8243; header_font_size_tablet=\u00bb50px\u00bb header_font_size_phone=\u00bb29px\u00bb header_font_size_last_edited=\u00bbon|phone\u00bb header_2_font_size_tablet=\u00bb34px\u00bb header_2_font_size_phone=\u00bb24px\u00bb header_2_font_size_last_edited=\u00bbon|phone\u00bb [&hellip;]<\/p>\n","protected":false},"author":1,"featured_media":0,"parent":0,"menu_order":1,"comment_status":"closed","ping_status":"closed","template":"","meta":{"_et_pb_use_builder":"on","_et_pb_old_content":"","_et_gb_content_width":"","_monsterinsights_skip_tracking":false,"_monsterinsights_sitenote_active":false,"_monsterinsights_sitenote_note":"","_monsterinsights_sitenote_category":0},"_links":{"self":[{"href":"https:\/\/www.coopera.com.uy\/new\/wp-json\/wp\/v2\/pages\/2270"}],"collection":[{"href":"https:\/\/www.coopera.com.uy\/new\/wp-json\/wp\/v2\/pages"}],"about":[{"href":"https:\/\/www.coopera.com.uy\/new\/wp-json\/wp\/v2\/types\/page"}],"author":[{"embeddable":true,"href":"https:\/\/www.coopera.com.uy\/new\/wp-json\/wp\/v2\/users\/1"}],"replies":[{"embeddable":true,"href":"https:\/\/www.coopera.com.uy\/new\/wp-json\/wp\/v2\/comments?post=2270"}],"version-history":[{"count":2,"href":"https:\/\/www.coopera.com.uy\/new\/wp-json\/wp\/v2\/pages\/2270\/revisions"}],"predecessor-version":[{"id":2273,"href":"https:\/\/www.coopera.com.uy\/new\/wp-json\/wp\/v2\/pages\/2270\/revisions\/2273"}],"wp:attachment":[{"href":"https:\/\/www.coopera.com.uy\/new\/wp-json\/wp\/v2\/media?parent=2270"}],"curies":[{"name":"wp","href":"https:\/\/api.w.org\/{rel}","templated":true}]}}